 base 9, what is -3487167684 - 4?
-3487167688
In base 9, what is -504388 + -3828?
-508327
In base 6, what is 114103102 - 143?
114102515
In base 16, what is -1c14f + 49?
-1c106
In base 9, what is 7 + 54180506?
54180514
In base 10, what is -1 - 133211351?
-133211352
In base 15, what is -6 - -1772c793?
1772c78c
In base 13, what is -c889260 - 2?
-c889262
In base 16, what is -14860e - 3cd?
-1489db
In base 9, what is -48280 + -647?
-50037
In base 2, what is 10100011000110000110011 + -101001?
10100011000110000001010
In base 3, what is 2020101 + 101110001210?
101112022011
In base 9, what is -64175668 + 0?
-64175668
In base 9, what is 25 - -17035130?
17035155
In base 13, what is -966a + -2599?
-bc36
In base 9, what is -885 - 17711?
-18706
In base 7, what is 4661545 - 34?
4661511
In base 5, what is -1 - -1104140031?
1104140030
In base 4, what is -1 + -2033122231230?
-2033122231231
In base 6, what is -355325 + -1001?
-400330
In base 15, what is -12dc0 + 9c?
-12d23
In base 13, what is 562 - 12cb?
-a69
In base 7, what is -4620015013 + -12?
-4620015025
In base 6, what is -124 + -1200252?
-1200420
In base 6, what is 414330 + -433502?
-15132
In base 3, what is 201200010100210 - -101?
201200010101011
In base 15, what is -ea79 - -10b9?
-d9b0
In base 12, what is 1759 - -294?
1a31
In base 3, what is -11221 - -101200212000?
101200200002
In base 4, what is -12230011011 - -21?
-12230010330
In base 9, what is -231 - 2064526?
-2064757
In base 9, what is -886016 - -8?
-886007
In base 15, what is -11ed - 363?
-1561
In base 3, what is 110220202200200 + 2120?
110220202210020
In base 4, what is -112233 + 202130?
23231
In base 14, what is 32aa9cc + -a?
32aa9c2
In base 15, what is 26 + -246c0?
-24699
In base 5, what is 3 + 141311033231?
141311033234
In base 3, what is 2220210 + 11100212220?
11110210200
In base 12, what is -19a - -a46?
868
In base 15, what is -1530 + 5e84?
4954
In base 14, what is -1dd5 + 135b?
-a78
In base 2, what is 11110010011111100110000 + -101100?
11110010011111100000100
In base 13, what is ab + -8c28a?
-8c1ac
In base 6, what is 244 + -24302223?
-24301535
In base 14, what is -5 + 5753a2?
57539b
In base 6, what is 21330 + 531?
22301
In base 10, what is -2130 + 789?
-1341
In base 10, what is 4310046 + 6?
4310052
In base 2, what is -11101011011110000001 + -1100001?
-11101011011111100010
In base 16, what is -5 - -6ceac4?
6ceabf
In base 7, what is -64662 + -1606?
-66601
In base 10, what is 2 - 4739921?
-4739919
In base 9, what is 4 + 48216558?
48216563
In base 14, what is 75 + -11d59?
-11cc4
In base 6, what is 0 + -2052340?
-2052340
In base 5, what is -30 + -2122220341?
-2122220421
In base 12, what is 21114 + -296?
20a3a
In base 7, what is 4 - -252045206?
252045213
In base 8, what is 3 - -13677756?
13677761
In base 14, what is -1 + -3689d3?
-3689d4
In base 9, what is 118458448 - -2?
118458451
In base 7, what is -21 + -301621246?
-301621300
In base 11, what is -2766 - 13874?
-1652a
In base 11, what is 4195 + -1592?
2703
In base 9, what is -5 - 80264855?
-80264861
In base 2, what is -111100 - -1010010001011010111000?
1010010001011001111100
In base 16, what is -153e9b8 + 5?
-153e9b3
In base 15, what is 3c9b3c + -43?
3c9ae9
In base 13, what is -251 + 642b?
61aa
In base 4, what is -30113101133223 - -1?
-30113101133222
In base 7, what is 3 + -44615263?
-44615260
In base 12, what is -183b3 + a278?
-a137
In base 15, what is -74 - 649?
-6bd
In base 9, what is 121807110 - 5?
121807104
In base 11, what is 7 - 9976368?
-9976361
In base 2, what is 100 + 10000011001000001100011001?
10000011001000001100011101
In base 11, what is -20846999 - -3?
-20846996
In base 3, what is -10111021101 + 1010?
-10111020021
In base 3, what is 102211212120210122 + 10?
102211212120210202
In base 16, what is 46253e5 - -4?
46253e9
In base 10, what is -592 - -1117817?
1117225
In base 4, what is 30200112210020 - 2?
30200112210012
In base 16, what is 299239 - -17?
299250
In base 3, what is -122102101120211 - 0?
-122102101120211
In base 11, what is -1a28 + 2610?
693
In base 12, what is -346a - 50443?
-538b1
In base 6, what is -202311010 - -1?
-202311005
In base 10, what is -17601 - 4088?
-21689
In base 11, what is -100062 + 93?
-aaa7a
In base 6, what is -114354321 - 1?
-114354322
In base 10, what is 25178883 + 9?
25178892
In base 11, what is -768a824 - -53?
-768a781
In base 4, what is 111322120122133 + 10?
111322120122203
In base 6, what is -1 + -15232535424?
-15232535425
In base 13, what is -89a048 - -11?
-89a037
In base 6, what is 1 - 10150550151?
-10150550150
In base 9, what is 836 - -3037?
3874
In base 15, what is 2 + 1011823c?
1011823e
In base 10, what is 0 - -384566?
384566
In base 3, what is 12121012020101 - 10?
12121012020021
In base 4, what is -20012131 + 10210?
-20001321
In base 3, what is 11002111 - -120111?
11122222
In base 13, what is -1 + -38a453a?
-38a453b
In base 14, what is 235655 + -9?
23564a
In base 10, what is -889747 + 18?
-889729
In base 5, what is -1334322213323 + -1?
-1334322213324
In base 13, what is -9cc8 - -360?
-9968
In base 6, what is -1531001 - 54410?
-2025411
In base 8, what is -25154 + -37371?
-64545
In base 4, what is -112111 + -103211221?
-103323332
In base 11, what is 25a5 - -32?
2627
In base 14, what is -1d5c71 - -34?
-1d5c3b
In base 14, what is -56 - -207ba5?
207b4d
In base 13, what is -103 + 5a6?
4a3
In base 5, what is 30304424300 + 13?
30304424313
In base 5, what is -1 + -341034133?
-341034134
In base 5, what is -24402 + 104021?
24114
In base 16, what is -e6c + f7b9?
e94d
In base 3, what is 10120112120010000 + 2?
10120112120010002
In base 14, what is -22049 + 2c6?
-21b63
In base 15, what is 54b6 + -a48?
496d
In base 2, what is -10101001011101 + -101010100000?
-11010011111101
In base 2, what is 0 + -1011011001011111100011?
-1011011001011111100011
In base 12, what is -9 + -1672b2?
-1672bb
In base 10, what is -185 - 30596?
-30781
In base 12, what is -a94b + 4b48?
-5a03
In base 2, what is -10001011100111010 + 10110111?
-10001011010000011
In base 7, what is 1 - 3424460?
-3424456
In base 2, what is -101001101 + 10110111010001?
10110010000100
In base 3, what is -10220000021211 - 20?
-10220000022001
In base 14, what is -5a7b51 + -4?
-5a7b55
In base 4, what is 3 + -220202003332?
-220202003323
In base 11, what is 21 - 261a6964?
-261a6943
In base 16, what is ddca - 2dff?
afcb
In base 6, what is 1035133350 - 44?
1035133302
In base 7, what is 402 + -365522?
-365120
In base 2, what is 10011 - -1111010110010111110111000?
1111010110010111111001011
In base 11, what is -104 - -744933?
74482a
In base 9, what is 50 + 81417421?
81417471
In base 14, what is 6424 + ac8?
710c
In base 15, what is 243ee42 - -3?
243ee45
In base 4, what is -13 + -130110020312?
-130110020331
In base 11, what is a724 - -8a11?
18635
In base 6, what is -4132035 + 14?
-4132021
In base 16, what is 557f5 - 146?
556af
In base 4, what is -130120300032 + 11?
-130120300021
In base 8, what is -3174561 - -53?
-3174506
In base 8, what is -3 + 257403267?
257403264
In base 3, what is 11 - 121000212200?
-121000212112
In base 5, what is -42 - -330102334?
330102242
In base 6, what is -20143 - 11354?
-31541
In base 8, what is -4331 - 56051?
-62402
In base 4, what is 2 + 12033122022?
12033122030
In base 12, what is 5831b9 - 3?
5831b6
In base 5, what is -1001101304 + -1?
-1001101310
In base 3, what is -2 - -22221121000120?
22221121000111
In base 5, what is 33134 - 111442?
-23303
In base 6, what is -3345143350 + 3?
-3345143343
In base 8, what is 526434763 - 5?
526434756
In base 14, what is -31 + -4bcd?
-4c20
In base 11, what is -4 - -28640429?
28640425
In base 7, what is 260463525 + 0?
260463525
In base 4, what is 12101 - -11031032?
11103133
In base 15, what is -5 - 1d2145b?
-1d21461
In base 8, what is 2 - 10703653?
-10703651
In base 10, what is -563 - 27461?
-28024
In base 15, what is e48cd - 7c?
e4851
In base 8, what is 15 + -2017547?
-2017532
In base 7, what is 12 + 3100034223?
3100034235
In base 9, what is -101 + 111372?
111271
In base 16, what is 62 + d79?
ddb
In base 4, what is -10 + -232023320312?
-232023320322
In base 15, what is -854 - 23ede?
-24843
In base 13, what is 6253 + 16bb?
7941
In base 11, what is 3 + 2578a14?
2578a17
In base 6, what is -23 + -152152111?
-152152134
In base 12, what is -141 + -172b4?
-1743